z = 4. Let y be 0*(z - (-1 - -4)). Calculate u(y).
0
Let y(v) = v**3 + 7*v**2 + 6*v - 4. Let b be y(-6). Let r(o) be the second derivative of -o**5/20 - o**4/2 - 7*o**3/6 - 2*o**2 + 7*o. Calculate r(b).
-8
Let z(l) be the second derivative of -3*l**5/4 - l**4/12 + l**2/2 - 68*l. Give z(-1).
15
Let p(w) = 3*w + 3. Let k(u) = 2*u - 18. Let y be k(8). Let s be p(y). Let t(g) = -2*g + 2. Determine t(s).
8
Let a(g) = g**2 - 2*g - 15. Suppose 5 = 9*z - 8*z. Let p be a(z). Let o(v) = v**3 - v**2 - v + 7. What is o(p)?
7
Suppose s = -2*s - 6. Let w = s - 1. Let o(n) = 62 + 3*n + 5*n - 15*n + 5*n - 61. Determine o(w).
7
Let o(c) = 8*c**3 + 1. Let j be ((-16)/(-104) + (-48)/(-26))/(-2). What is o(j)?
-7
Let o(m) = -m**3 - m**2 - m + 6. Let s be o(0). Let y(n) = -10*n - 1 + 19*n - 6*n - 2*n. Let v(i) = -1. Let k(c) = 6*v(c) - 2*y(c). Calculate k(s).
-16
Let v(i) = 7*i - 17. Let a(m) = 4*m - 9. Let h(j) = 5*a(j) - 3*v(j). Let l = -79 - -114. Suppose -5*r = 5, -r - l = -5*g + 4*r. Calculate h(g).
0
Let w(i) = 20*i + 5*i + 2*i + 1 + 10*i. Determine w(1).
38
Let o(l) = l + 5. Let w be (-3)/(-2*(-6)/8). Let y be 6*(4 + (-26)/6). Let c = w - y. Calculate o(c).
5
Let h(t) = -t**3 - t**2 - 11. Let y = -29 + 19. Let n(d) = -d**3 - 10*d**2. Let a be n(y). Let u be a*2/(-3 + 1). Calculate h(u).
-11
Suppose -25*h - 4*h = 87. Let o(y) = 7*y**2 + 8*y - 7. Let r be (-1 - -3)*2/4. Let q(n) = -n**2 - n + 1. Let v(l) = r*o(l) + 5*q(l). Give v(h).
7
Let z(n) be the second derivative of n**5/20 + 7*n**4/12 - 3*n**3/2 + 11*n**2/2 + 94*n. Give z(-8).
19
Suppose 0 = -3*r + 6*r. Suppose 4*b + r*l - 15 = l, 2*l = b - 2. Suppose 2*c - 6*c = -5*i, 0 = c - b*i + 11. Let v(a) = -a - 6. Determine v(c).
-11
Let h(q) = -q**3 - 6*q**2 - 7*q + 9. Let n be h(-4). Let k(r) = -2*r + 14. Give k(n).
4
Let o(b) = -b**3 - 2039 + 8*b**2 + 2030 - 6*b + 0*b**3. Determine o(7).
-2
Let m(s) = -s - 8 - 5 + 2*s. Let l(b) = -b + 26. Let g be l(26). Determine m(g).
-13
Let z(l) = -13*l**2 - 11*l + 13. Let y(c) = -7*c**2 - 6*c + 6. Let v(g) = -11*y(g) + 6*z(g). What is v(0)?
12
Let r(t) = -t**2 - t + 1. Let a(c) = 2*c - 6. Let f(j) = -a(j) - 2*r(j). Let w(x) = x**2 + 2 + 181*x - 181*x. Let d(p) = -3*f(p) + 5*w(p). Give d(2).
-6
Let o = -53 - -55. Let v(t) = 5 - 2 - 1 + 32*t - t**o - 35*t. Calculate v(-5).
-8
Suppose -2*n = 4*k - 36, -63*n = -58*n - 5*k - 15. Let h(s) = -2*s**2 + 9*s + 4. Determine h(n).
-52
Let j(s) = -19*s**2 + 13*s - 4. Let t(d) = -16*d**2 + 11*d - 3. Let l(m) = -4*j(m) + 5*t(m). Determine l(-2).
-21
Suppose z = -2*z - 24. Let x(g) = -g**3 - 9*g**2 - 9*g - 8. Let d be x(z). Suppose -2*s - 2*s + 28 = d. Let q(l) = l**2 - 6*l - 4. Give q(s).
3
Let u = 346 + -339. Let l(v) = v**3 - 8*v**2 + 5*v + 4. What is l(u)?
-10
Let y(r) = 944*r + 0 - 2 - 958*r. Give y(-3).
40
Let a(o) be the first derivative of o**3/3 + 3*o**2 + 3*o + 354. Determine a(-3).
-6
Suppose a + 8 - 1 = -4*m, 4 = 4*a. Let p be (-7 - -4)*1 + m. Let t(l) = l - 7. Calculate t(p).
-12
Let t(f) = -f**3 + f**2 + 4. Let o = 389 + -389. Determine t(o).
4
Let d(c) be the second derivative of 7/2*c**2 + 5*c + 0 - 1/6*c**3. Determine d(8).
-1
Let f(g) = -3 + 886*g - 874*g + 8*g**2 - g**3 - 3. Give f(9).
21
Let k(v) = 58*v - 24*v - 14*v - 25*v - 10. Give k(-5).
15
Suppose -4*g - 20 = -5*c, -2*g - 14 = -2*c - 4. Let y(q) = -q**2 + q + 13. Give y(c).
13
Let d(c) = 11*c + 4*c - 14*c - 1. Let t = -225 + 232. Determine d(t).
6
Let g be (-160)/24*(-12)/(-5). Let z = 18 + g. Suppose 0 = -z*p - 6 - 8. Let a(n) = -n**3 - 7*n**2 + 7. Give a(p).
7
Let g(h) be the second derivative of -7*h**5/20 + h**4/12 - h**3/2 - h**2 - 8*h - 23. Determine g(-1).
9
Let r(z) = z**2 + 3*z + 3. Let x(f) = 15*f**2 + 4*f + 5. Let d be x(-2). Suppose u - 4*u = -d. Suppose 3*l - t = -14, -4*l + 2*l = 5*t - u. Give r(l).
3
Let u(j) = -j**3 - 4*j**2 - 2*j + 1. Suppose 16*f = 15*f + 13. Suppose -f*z = -18*z + 20. Suppose -z*x + 9*x = -15. Determine u(x).
-2
Suppose -12 = i - 4*i. Suppose 0 = -9*h + 18*h - 27. Let l(x) = 2 + 2*x - h*x - 4*x + i*x. Give l(5).
-3
Suppose -2*w - 4*w + 474 = 0. Let a(f) = -w*f + 95*f - 5 + 2. Calculate a(2).
29
Let o(w) = w**3 + 14*w**2 + 2*w - 4. Let v(k) = 2*k**3 + 25*k**2 + 4*k - 8. Let z(c) = -11*o(c) + 6*v(c). What is z(4)?
4
Let f(g) = g**2 - 4*g - 2*g**2 + 5*g + 9. Let u(o) = 30*o - 30. Let m be u(1). What is f(m)?
9
Let q(y) = y**2 + 8*y + 8. Let f = 5 + -3. Let r be 4/(-8)*-1*10. Suppose 24 = -r*z - f*w, z - 4*w - 6 = 4*z. Give q(z).
-4
Let h(y) = 4*y**3 + y**2 - 19*y - 13. Let p(k) = 5*k**3 + k**2 - 23*k - 14. Let x(r) = -6*h(r) + 5*p(r). Determine x(0).
8
Let x(v) = -v**2 + 13*v - 25. Let q(b) = -3*b**2 - 39*b - 123. Let l be q(-7). Determine x(l).
5
Suppose 15 = 3*i - 7*i + 3*y, -2*i + 3*y - 9 = 0. Let o(s) = -1. Let h(c) = -c**2 - 4*c + 7. Let t(z) = i*o(z) - h(z). Determine t(-7).
17
Let w(t) = -2822 + 2*t**2 - t + 2822. Give w(-2).
10
Let b(o) = o. Suppose 5*g + 3 = 3*c, 4*g + 0*g = 0. Give b(c).
1
Let s(n) = -5*n**2 + 6*n - 8. Let c(v) = v**2 + 17 - 31 + 14. Let u(f) = -6*c(f) - s(f). Let h be u(-7). Let x(z) = -3*z**2 + z - 1. Calculate x(h).
-3
Let n(j) = -9*j - 9*j - 6 + 3*j - 3*j. Let z be n(-2). Let r be (-6)/4*20/z. Let g(p) = 5*p**2 - 2*p - 1. Calculate g(r).
6
Let y be (-1 + -8)/(12/(-8)). Let o(f) = -f**3 + 7*f**2 - 7*f - 6. Determine o(y).
-12
Let t(c) = -74 + 1648*c + 1668*c - 3299*c. Determine t(4).
-6
Let y(d) be the third derivative of d**6/20 + d**3/6 + d**2. Suppose 0 = -m - 4*b - 37, -4*m = b - 20 + 33. Calculate y(m).
-5
Let g(d) be the third derivative of -d**7/5040 - d**6/120 - d**5/30 - d**2. Let i(p) be the third derivative of g(p). What is i(-6)?
0
Let p = -22 + 22. Let i(s) = p*s + 2*s - s. Let a be -1*(-1 + -4) + 0. Give i(a).
5
Let p(v) = -v**3 + 5*v**2 - 5*v - 2. Let f be p(3). Let m be 3 + -7 + 9 + (-1 - f). Let c(t) = -t**3 + t**2 - 2*t + 3. What is c(m)?
-21
Let i(p) = p**3 + 3*p**2 + p - 3. Suppose -h - 121 = 4*v + 44, -h = 5*v + 205. Let z be v/(-6) - (-1)/3. Suppose -2*g + 1 = z. What is i(g)?
-6
Let s = 38 - 41. Let o(q) = 4*q + 6. Let v be o(s). Let l(u) = u + 4. Determine l(v).
-2
Suppose 5*o - 12 = z, 3*z + 0 = -6. Suppose 0*r - 4*r + 16 = 4*s, -5*s = -2*r - 20. Let j(v) = v**2 - 12*v + s - 14 - 2*v**2 + o*v. Give j(-8).
6
Let p(q) = q**2 + 3*q - 6. Let o(v) be the third derivative of v**5/60 + 7*v**4/24 - 11*v**3/6 + 18*v**2. Let n(m) = 3*o(m) - 5*p(m). Determine n(4).
-11
Let o(s) = -3 - 8*s**2 + s**3 - 4 + 4 + 8*s. Let x(d) = -7*d + 70. Let n be x(9). Give o(n).
4
Let p(j) = j**3 - 5*j**2 - 4*j - 1. Suppose -20 = -5*z - 0*z. Suppose l = -h + 8, z = -2*l + 3*l - h. Determine p(l).
11
Let u(y) be the first derivative of -y**3/3 + y + 84. Calculate u(-1).
0
Let t(s) = -s**2 + 3*s. Suppose 5*j + 3*g - 137 = 0, 0*j = -5*j - 2*g + 138. Suppose 4*y = -j + 40. Determine t(y).
0
Let r(z) be the first derivative of -17*z**6/360 - z**5/120 + 5*z**3/3 - 18. Let q(l) be the third derivative of r(l). Give q(-1).
-16
Let s(r) = r**3 - 10*r**2 + 2*r - 26. Let n be s(10). Let j(b) = -2*b**2 - 14*b - 4. Give j(n).
8
Let r be -10 + 7*(-11)/(-7). Let u(j) = 16*j + 1. Calculate u(r).
17
Let a(o) = 2*o**2 - 4*o**2 - 4 - 2*o - o**2 + o**3. Let h(i) = -4*i - 4. Let v be 2/(-4 - -3)*1. Let c be h(v). What is a(c)?
4
Let t(r) = r**3 + 4*r**2 - 4. Suppose 3*v = -l - 33, 3*l + 12 = -2*v - l. Let n be 3/(-9) - 76/v. Suppose -n - 2 = 2*b. Calculate t(b).
-4
Let k(m) = 3 - 5 + 10 - m. Let v be k(6). Let s(n) = -6*n + 3. Calculate s(v).
-9
Let k(j) = j**2 + j + 5. Suppose 3*f = -0*f - f. Calculate k(f).
5
Let p(c) be the second derivative of -3*c**4/2 + c**3/6 + c**2/2 - 112*c. Give p(-1).
-18
Let x(k) = k + 4. Let t(v) = -5*v - 15. Let q(j) = -2*t(j) - 9*x(j). Let z be (-3)/3 - (-4)/(-2). Let l be 0 + (-15*1)/z. Determine q(l).
-1
Suppose 0 = -44*s + 42*s + 10. Let w(q) = -2*q + 6. Give w(s).
-4
Let a(h) = -28*h**2 + 14*h + 5. Let r(q) = -13*q**2 + 7*q + 2. Let m(x) = -6*a(x) + 13*r(x). Determine m(7).
-4
Let n = -72 - -74. Let s(i) = 0*i**n - 3*i + i**3 - 52 + 3*i**2 + 55. What is s(-3)?
12
Let p(d) be the first derivative of -d**5/20 + d**4/2 - d**3 + 15*d - 6. Let q(w) be the first derivative of p(w). What is q(5)?
-5
Let t(l) = -l**2 + 3*l + 1. Let r be (-7)/((-105)/24)*5. Let b(o) = -o**3 + 8*o**2 + o - 5. L